- (4 + -9). Let p(o) = -2*o**2 - 4 + 1 + 7*o + 1 - j*o. Give p(3).
-11
Let g(p) = -p**3 + 3*p**2 + 5. Let q(w) = 2*w**3 - 5*w**2 - 10. Suppose 5*d - 6 = 2*k - 16, -3*k + 15 = 4*d. Let n(b) = k*g(b) + 2*q(b). Calculate n(5).
5
Let u(z) = -3 + z + 4*z - 2*z**2 + 4*z**2. Let p be u(-3). Let f be (3 - (1 + p))*-2. Let w(m) = -2*m - 6. Determine w(f).
2
Let r(c) = -c + 10. Let o be r(8). Let s = 1 + o. Suppose s - 5 = -2*d. Let k(j) = 2*j**2 - 1. Determine k(d).
1
Let j be 2/(-3) + 120/18. Let x(g) = j - 3*g - 10 + 5*g - 3*g. Determine x(-3).
-1
Let a(m) = 2*m**3 - 8*m**2 - 2*m + 6. Let l be a(4). Let z(o) = -3*o - 2. Let k(x) = -6*x - 4. Let g(u) = 6*k(u) - 13*z(u). Determine g(l).
-4
Let h(i) = -18*i**2 + 7 + 23*i**2 - 1 + 0 + i**3 - 5*i. Let b be h(-6). Let r(j) = j + 3. Give r(b).
3
Let t(r) = 2*r**2 + r - 15. Let o(d) = -d**2 - 2*d + 2*d**2 + 3*d - 7. Let p(h) = 5*o(h) - 2*t(h). Let q = -52 - -48. Calculate p(q).
-1
Let b(r) be the third derivative of -1/60*r**5 + 0 - 5/24*r**4 + r**3 + 8*r**2 + 0*r. Let h = -4 + -1. Give b(h).
6
Let k be (105/(-63))/((-5)/6). Suppose 0 = 5*a - 5, -7 = -k*l - 2*l + a. Let p(n) = -4*n**2 + 4*n - 2. Give p(l).
-10
Let f(j) = -5*j + 6. Suppose -12 = -4*h - 0*h - 2*a, 0 = 2*h + 4*a. What is f(h)?
-14
Let t be (-2)/((-2)/(-4) + -1). Let v be (5 + t + -2)*1. Let w(c) be the third derivative of -c**4/24 + 5*c**3/6 + 55*c**2. Calculate w(v).
-2
Let s(n) be the first derivative of n**4/4 + 2*n**3/3 - 3*n**2/2 + 2*n + 15. Suppose 7*o = 2*o + 2*v - 11, 5*o = 5*v - 5. Determine s(o).
2
Suppose -458*t + 466*t = 72. Let m(x) = -x**3 + 10*x**2 - 8*x + 21. Determine m(t).
30
Let f(y) be the second derivative of -y**3/3 + 15*y**2/2 - 50*y. Give f(9).
-3
Let b = -14 + 19. Suppose 3*u = -g + 11, 4*u + b*g = -0*g + 22. Let f(d) = d**3 - 2*d**2 - d - 3. What is f(u)?
3
Let b(p) = 3*p**3 + p**2 - 1. Let f(z) = -4*z**3 + 4*z**2 - 4*z + 4. Let h be f(2). Let k = h + 22. Suppose 2 = k*r - i, -5*r + 0*i = -4*i - 5. Calculate b(r).
3
Let b = 134 - 126. Let y(s) be the second derivative of 0 + 1/2*s**4 + b*s + 0*s**2 - 1/20*s**5 - s**3. Determine y(5).
-5
Let h(p) = 7*p - 1. Suppose -12 = 5*a - 3*a - 4*i, -2*a - 5*i = -6. Let c be (1 - (-3)/a) + (-6)/(-4). Determine h(c).
6
Suppose 6*t - 45 = t. Suppose -3*k - 2 = c - t, 5*c = -3*k + 35. Let x(l) = -5 - 1 - 3*l + 0 + c. What is x(3)?
-8
Suppose 3*g + 12 = 7*g. Let z(x) = x**3 - x**2 - 2*x + 3. Let p be z(2). Let m(a) = -2 - 3*a**2 - a - a**3 + 5*a**3 - 3*a**p. What is m(g)?
-5
Let x(k) = 2*k - 15. Let n be (0 + -2)/((-16)/56). Let z be x(n). Let c(h) be the first derivative of 2*h**2 - h - 3. Give c(z).
-5
Let p(y) = -72*y**2 + y**3 + 7 - 4*y + 156*y**2 - 88*y**2. What is p(3)?
-14
Let d(t) = -1 + 3*t + 6*t**2 - 2 + 3 + t**3 - 5. Determine d(-4).
15
Let w(x) be the third derivative of x**5/60 + x**4/4 - x**3/2 + 16*x**2. Let m be w(-7). Let h(a) = -2*a + 4. What is h(m)?
-4
Let h(v) be the third derivative of 0*v + 0 + 9*v**2 - 1/60*v**5 - 5/3*v**3 + 3/8*v**4. Calculate h(8).
-2
Let a = -50 + 56. Let k(g) = -g**3 + 7*g**2 - 6*g + 2. What is k(a)?
2
Let s(h) be the third derivative of h**4/24 - 5*h**3/6 - 88*h**2. Suppose 4*a + 4*d - 16 = 0, -4 = -4*a + d + 2. Suppose -2*c = a*c - 16. Determine s(c).
-1
Let u = -22 + 31. Suppose x = 3*q - 2*x + u, -26 = -3*q - 4*x. Let v(r) = 8*r**2 - 1 - q*r**2 - 5*r - 5*r**2. Determine v(4).
-5
Let k be ((-1)/3)/((-5)/(-165)). Let a = -19 - k. Let l(x) = -14*x**2 - 3*x. Let v(p) = -5*p**2 - p. Let h(t) = a*v(t) + 3*l(t). Determine h(-1).
-1
Let l(w) = w**3 + 22*w**2 + 19*w - 36. Let i be l(-21). Let g(h) = -h**2 + 3*h + 14. Determine g(i).
-4
Suppose 2*y + 5*z - 16 = 0, 0*y = -y - 3*z + 9. Let c(l) = -l**2 + 0 - y + 1 - 6*l. Suppose -50*d - 234 = 66. What is c(d)?
-2
Let r(h) = -h**2 - 8*h - 4. Let a be r(-9). Let z(q) = -7*q + 5. Let g(k) = 14*k - 11. Let v(f) = a*z(f) - 6*g(f). Give v(-1).
-6
Let q(b) = b**3 - 12*b**2 - 14*b + 11. Let h be q(13). Let g(k) = k**3 + 2*k**2 + 4*k + 4. What is g(h)?
-4
Let n(b) = -b**3 + 4*b**2 - 4*b + 1. Let h be n(3). Let y(d) be the third derivative of d**6/120 + d**5/20 - d**4/24 - 19*d**2. Calculate y(h).
6
Suppose -4*t - 12 - 1 = f, 2*t = -2*f - 8. Let w(r) be the first derivative of 0*r**3 - 1 - 7/4*r**4 + 0*r + 0*r**2. Determine w(f).
7
Let x be (1/(-2) - (-9)/18)/1. Suppose 4*u - 26 = y, 4*u + x*u = 20. Let j(g) = g**3 + 6*g**2 - g - 4. Determine j(y).
2
Let g(u) = 3*u**2 - 510*u**3 + 7*u + 70 - 69 + 509*u**3. Give g(5).
-14
Let x(z) be the second derivative of -z**4/12 + 5*z**3/6 + 21*z**2/2 + 5*z + 19. Determine x(7).
7
Let y(c) = -8*c**2 + 2*c - 1. Suppose 3*k = -5 + 11. Suppose -5*n + 2*u = -13, k*u + 3*u = -3*n - 17. Suppose -9*t + 8*t + n = 0. Calculate y(t).
-7
Let l = 7 - 5. Suppose w + 4 = 5*h - 5, -w = 2*h + l. Let s be ((-72)/8)/((-6)/w). Let r(y) = -y**3 - 7*y**2 - 6*y + 1. What is r(s)?
1
Let m(q) = -29*q**2 + 5*q + 5. Let p(t) = -14*t**2 + 2*t + 2. Let k = -44 - -41. Let u(h) = k*m(h) + 7*p(h). What is u(-1)?
-11
Suppose -7*o + 9*o = 40. Let n be ((-1)/2)/((-10)/o). Let m(l) = 7*l**2 - 2*l + 1. Calculate m(n).
6
Let x(o) = 2 - 5 + 6 - 4 + o. What is x(6)?
5
Let t = -23 - -25. Let a(r) = -8*r**3 + 9*r**3 + 0*r + 2*r**2 + 2*r**2 + t*r. Determine a(-4).
-8
Let r = -474 - -465. Let q(d) = -d**2 - 11*d - 17. Determine q(r).
1
Let z(y) = y**3 + 7*y**2 - 2*y - 6. Let u = -537 - -530. What is z(u)?
8
Let p = 1720 - 1725. Let v(i) = -i**2 - 5*i - 16. What is v(p)?
-16
Let f(o) = -o**3 - 17*o**2 - 73*o - 5. Let t be f(-8). Let u(c) be the third derivative of -c**6/120 + c**5/15 - c**4/8 + c**3/6 + 4*c**2. Determine u(t).
1
Let t(p) = 6*p**3 - 4*p**2 + 3. Let h(q) = -13*q**3 + 7*q**2 - 5. Let d(r) = 3*h(r) + 5*t(r). Let g be 4 - -1 - (-2 - 1). Suppose y = -7 + g. Determine d(y).
-8
Suppose -2 - 5 = s - 2*n, -5*s - 28 = -3*n. Let j(r) = -2*r**2 - 9*r + 5. Determine j(s).
0
Let j = 156 + -152. Let h(y) = -18*y**3 + 4*y**2 - 7*y + 9*y**3 + 4 + 8*y**3. Determine h(j).
-24
Let g(i) = -i + 8. Suppose -5*h - 49 + 19 = 0. Let x be (-7)/(21/h) - -4. Determine g(x).
2
Let a be 0 + 1 + 4 + 0. Let q(c) = -c**3 + 23*c**2 - 20*c - 42. Let s be q(22). Let u(d) = -7*d + 6*d - 8 + s*d. Calculate u(a).
-3
Let h(k) = 2*k**2 - k - 1. Let i(m) = -9*m**2 + 4*m + 3. Let s(v) = -5*h(v) - i(v). Give s(3).
-4
Suppose 3*k + 0*x - 4*x = -131, 2*k = 4*x - 94. Let c = k + 29. Let t(q) = q**3 + 9*q**2 + 10*q + 10. Give t(c).
-6
Suppose -204 = 22*x - 204. Let k(d) be the second derivative of 0 + 2*d + x*d**2 - 1/12*d**4 + 5/6*d**3. Give k(5).
0
Let v(t) = -t**3 + 7*t**2 - 4*t - 3. Let c(d) = -d**2 + 9*d + 16. Let i be c(8). Suppose 9*s - i = 5*s. What is v(s)?
9
Let k(m) be the first derivative of 26*m**3/3 - m**2/2 + m + 4. Calculate k(1).
26
Let h(r) = r**3 + 3*r**2 - 2*r + 4. Let m(u) = -1 - 4 - 3*u - 3*u. Let y be m(-2). Suppose -s - n - y = -3, 5*s - 5*n + 20 = 0. Give h(s).
-4
Let a(c) = c - 6. Let x be a(7). Let g(q) = 4*q**3 + q**2 + 3*q + 16. Let z(w) = w**3 - w**2 - w - 8. Let t(j) = -g(j) - 2*z(j). Determine t(x).
-6
Let q = 38 + -30. Suppose 0 = 4*p - q + 4. Let l(x) = 3*x**3 - x - 3*x**3 + 8*x**3. Calculate l(p).
7
Let l(x) = -3 + 2 - x - 1. Suppose -5*v + 0*u = 2*u + 30, 0 = -5*v - u - 35. Calculate l(v).
6
Let u(m) be the third derivative of 2*m**6/15 - m**4/24 - 122*m**2 + 1. Determine u(-1).
-15
Let x(m) = m**2 + 2*m. Let a(r) = r**3 - r**2 + 13*r - 1. Let p(k) = -a(k) + 5*x(k). Suppose c - 13 + 6 = y, -3*c + 16 = 2*y. Give p(c).
-17
Let y be (-48)/(-5) - 56/(-140). Suppose -35*s = -33*s - y. Let t(d) = 5*d - 4. What is t(s)?
21
Let f(g) be the second derivative of g**4/12 + 11*g**3/6 + 15*g**2/2 - 3*g + 13. Calculate f(-6).
-15
Let s(u) be the second derivative of -u**5/5 - u**4/12 - u**3/6 - u**2/2 + 2*u. Let m(y) = y**2 - y - 40. Let c be m(0). Let q be 100/c + 6/4. Calculate s(q).
3
Suppose -2*m - 1 + 5 = 4*f, -4 = -2*m - f. Suppose 3*q - 3 = 4*v, 2*v - 5*q + 17 + 2 = 0. Let u(i) = i**m - i - 2*i + i + 6*i**v + i. What is u(1)?
6
Suppose -o = -2*i - i, 5*o + i - 32 = 0. Suppose 2 = 5*m - 8. Let r(v) = 7*v - 6*v + 1 - 2*v**3 + 2 + 3*v**3 - 6*v**m. Determine r(o).
9
Let o(n) be the first derivative of n**4/12 - 4*n**3/3 + 5*n**2/2 - n - 25. Let v(w) be the first derivative of o(w). What is v(5)?
-10
Let h be -4 - 10*4